en 1170 is divided by 56?
50
What is the remainder when 234 is divided by 19?
6
What is the remainder when 94 is divided by 25?
19
What is the remainder when 1180 is divided by 119?
109
Calculate the remainder when 280 is divided by 83.
31
Calculate the remainder when 475 is divided by 5.
0
What is the remainder when 104 is divided by 15?
14
Calculate the remainder when 2094 is divided by 191.
184
What is the remainder when 252 is divided by 51?
48
Calculate the remainder when 4643 is divided by 9.
8
What is the remainder when 87 is divided by 48?
39
What is the remainder when 15 is divided by 13?
2
What is the remainder when 175 is divided by 33?
10
What is the remainder when 2758 is divided by 79?
72
What is the remainder when 566 is divided by 183?
17
What is the remainder when 3199 is divided by 1591?
17
What is the remainder when 127 is divided by 60?
7
Calculate the remainder when 597 is divided by 46.
45
Calculate the remainder when 22557 is divided by 80.
77
Calculate the remainder when 20 is divided by 20.
0
Calculate the remainder when 191 is divided by 96.
95
Calculate the remainder when 6764 is divided by 141.
137
Calculate the remainder when 32 is divided by 5.
2
Calculate the remainder when 6465 is divided by 132.
129
What is the remainder when 322 is divided by 171?
151
What is the remainder when 588 is divided by 25?
13
Calculate the remainder when 186 is divided by 54.
24
What is the remainder when 17475 is divided by 17?
16
What is the remainder when 133 is divided by 29?
17
Calculate the remainder when 39 is divided by 18.
3
What is the remainder when 539 is divided by 21?
14
Calculate the remainder when 148 is divided by 74.
0
Calculate the remainder when 1010 is divided by 46.
44
What is the remainder when 327 is divided by 22?
19
What is the remainder when 149 is divided by 75?
74
What is the remainder when 189 is divided by 32?
29
What is the remainder when 14311 is divided by 34?
31
Calculate the remainder when 185 is divided by 44.
9
Calculate the remainder when 57 is divided by 8.
1
Calculate the remainder when 98 is divided by 13.
7
Calculate the remainder when 202 is divided by 13.
7
Calculate the remainder when 138 is divided by 63.
12
Calculate the remainder when 284 is divided by 8.
4
What is the remainder when 649 is divided by 66?
55
What is the remainder when 174 is divided by 22?
20
Calculate the remainder when 598 is divided by 183.
49
What is the remainder when 19 is divided by 4?
3
Calculate the remainder when 222 is divided by 3.
0
Calculate the remainder when 268 is divided by 38.
2
Calculate the remainder when 589 is divided by 44.
17
Calculate the remainder when 52 is divided by 29.
23
Calculate the remainder when 1550 is divided by 44.
10
Calculate the remainder when 278 is divided by 56.
54
What is the remainder when 343 is divided by 86?
85
What is the remainder when 164 is divided by 15?
14
Calculate the remainder when 180 is divided by 99.
81
Calculate the remainder when 57 is divided by 43.
14
What is the remainder when 17481 is divided by 282?
279
What is the remainder when 544 is divided by 185?
174
What is the remainder when 10 is divided by 10?
0
Calculate the remainder when 811 is divided by 269.
4
Calculate the remainder when 123 is divided by 44.
35
What is the remainder when 271 is divided by 73?
52
Calculate the remainder when 442 is divided by 111.
109
What is the remainder when 325 is divided by 112?
101
What is the remainder when 463 is divided by 52?
47
What is the remainder when 2798 is divided by 25?
23
What is the remainder when 387 is divided by 65?
62
Calculate the remainder when 4029 is divided by 42.
39
What is the remainder when 429 is divided by 71?
3
Calculate the remainder when 1378 is divided by 23.
21
Calculate the remainder when 154 is divided by 58.
38
Calculate the remainder when 434 is divided by 87.
86
Calculate the remainder when 69 is divided by 10.
9
What is the remainder when 3370 is divided by 12?
10
Calculate the remainder when 326 is divided by 174.
152
Calculate the remainder when 2079 is divided by 38.
27
Calculate the remainder when 958 is divided by 198.
166
Calculate the remainder when 1947 is divided by 130.
127
Calculate the remainder when 1477 is divided by 734.
9
Calculate the remainder when 910 is divided by 302.
4
Calculate the remainder when 108 is divided by 99.
9
Calculate the remainder when 679 is divided by 90.
49
What is the remainder when 9284 is divided by 86?
82
Calculate the remainder when 72 is divided by 2.
0
What is the remainder when 417 is divided by 14?
11
Calculate the remainder when 9645 is divided by 67.
64
Calculate the remainder when 2595 is divided by 44.
43
Calculate the remainder when 172 is divided by 2.
0
Calculate the remainder when 893 is divided by 259.
116
What is the remainder when 306 is divided by 28?
26
What is the remainder when 48 is divided by 2?
0
What is the remainder when 8801 is divided by 1756?
21
Calculate the remainder when 496 is divided by 72.
64
What is the remainder when 322 is divided by 81?
79
Calculate the remainder when 70 is divided by 36.
34
What is the remainder when 10911 is divided by 214?
211
What is the remainder when 302 is divided by 17?
13
What is the remainder when 62 is divided by 49?
13
What is the remainder when 139 is divided by 52?
35
Calculate the remainder when 4572 is divided by 199.
194
What is the remainder when 32 is divided by 17?
15
What is the remainder when 348 is divided by 39?
36
Calculate the remainder when 417 is divided by 30.
27
Calculate the remainder when 166 is divided by 19.
14
What is the remainder when 20 is divided by 14?
6
What is the remainder when 51 is divided by 36?
15
What is the remainder when 13385 is divided by 23?
22
Calculate the remainder when 72 is divided by 15.
12
Calculate the remainder when 1723 is divided by 572.
7
Calculate the remainder when 3418 is divided by 11.
8
What is the remainder when 9492 is divided by 38?
30
Calculate the remainder when 191 is divided by 8.
7
What is the remainder when 229 is divided by 7?
5
Calculate the remainder when 330 is divided by 68.
58
Calculate the remainder when 3059 is divided by 36.
35
Calculate the remainder when 1439 is divided by 48.
47
What is the remainder when 3756 is divided by 38?
32
Calculate the remainder when 49 is divided by 26.
23
Calculate the remainder when 313 is divided by 79.
76
What is the remainder when 491 is divided by 160?
11
Calculate the remainder when 271 is divided by 39.
37
Calculate the remainder when 258 is divided by 52.
50
What is the remainder when 62 is divided by 21?
20
What is the remainder when 220 is divided by 17?
16
What is the remainder when 201 is divided by 17?
14
What is the remainder when 875 is divided by 20?
15
Calculate the remainder when 180 is divided by 72.
36
What is the remainder when 1696 is divided by 68?
64
What is the remainder when 1361 is divided by 19?
12
Calculate the remainder when 991 is divided by 245.
11
What is the remainder when 6068 is divided by 23?
19
What is the remainder when 285 is divided by 47?
3
Calculate the remainder when 102 is divided by 7.
4
Calculate the remainder when 20 is divided by 7.
6
Calculate the remainder when 44860 is divided by 29.
26
Calculate the remainder when 158 is divided by 10.
8
Calculate the remainder when 32 is divided by 16.
0
What is the remainder when 1760 is divided by 1755?
5
What is the remainder when 1080 is divided by 267?
12
Calculate the remainder when 827 is divided by 9.
8
What is the remainder when 486 is divided by 103?
74
Calculate the remainder when 219 is divided by 29.
16
Calculate the remainder when 971 is divided by 963.
8
What is the remainder when 127 is divided by 46?
35
What is the remainder when 59 is divided by 15?
14
Calculate the remainder when 516 is divided by 37.
35
Calculate the remainder when 29638 is divided by 380.
378
What is the remainder when 268 is divided by 64?
12
Calculate the remainder when 62 is divided by 21.
20
Calculate the remainder when 244 is divided by 238.
6
Calculate the remainder when 1026 is divided by 512.
2
Calculate the remainder when 217 is divided by 26.
9
What is the remainder when 84 is divided by 35?
14
What is the remainder when 27